
What is the value of 43 + -41 + 1 + -7 + -1 + 32 + -53?
-26
115 - ((43 - -24) + -29)
77
78 - ((-9 - -64) + 29)
-6
24 + (-53 - -42) - -25
38
Calculate (-25 - (-5 - 13)) + (-1 - (13 - 19) - 6).
-8
(-146 - -162) + (-3 - 0 - 5)
8
What is the value of 11 + (28 - -13) + -8 + 0?
44
Evaluate -1 + 12 + (-41 - (-36 - -1)) + -1 - -19.
23
Evaluate -66 + (49 + 13 - 29).
-33
Evaluate -2 + (18 - -4) + 5 + (13 - 8).
30
What is the value of (-20 - -10) + (-32 - -7)?
-35
Evaluate 10 + -10 + 12 + 20 + -23.
9
What is 0 - 44 - (-32 - (-34 + 17))?
-29
What is 4 + 10 + -1 + -10 + 18?
21
What is (-1305 - -1363) + (-2 + -2 - (-14 + -2 + 0))?
70
What is the value of -53 - (4 + 6 - (-4 + 14 + -8))?
-61
Evaluate 7 - (14 + -4) - (347 + -268).
-82
(-3 - 8) + 8 + -3 + (10 - (3 - -6))
-5
Evaluate 4 + (-41 - -62) + -18 - (22 - (2 + 0)).
-13
What is (27 - 89) + 18 + (4 - (6 + -9))?
-37
What is the value of -58 + -20 + 23 + -20 + 21?
-54
What is the value of 0 - (11 + 2 + -16 - -24 - 20)?
-1
What is the value of (8 - (5 + -2) - (9 + -48 - 2)) + -6?
40
Evaluate -7 - ((-15 - (-17 - (-7 + 0))) + 14 + 9).
-25
What is (39 - -11) + -64 - (0 - (-2 - -127))?
111
What is 0 - 39 - (190 + -225 + 2 + 31)?
-37
Evaluate 29 + 4 + 1 + -2 + (-12 - -12 - -10).
42
What is the value of -19 + (21 + 6 - 27) + 5?
-14
What is -38 - (-13 + (-16 - -38))?
-47
Calculate -14 + -5 + 44 - (0 - -56).
-31
Evaluate (-6 - 39) + 59 - (-51 - 10).
75
What is 46 - 13 - 49 - (-5 - (5 + -3))?
-9
What is -19 + (-1 - 0) - (467 - 481) - (1 + 69)?
-76
Evaluate -46 + (105 - 30) - (-27 + 1).
55
What is the value of (-179 - -131) + 129 - 152?
-71
Calculate -1 + -34 - (4 + 7 + -79 + 61).
-28
What is the value of -1 + -9 - (-65 - (182 + -186))?
51
What is ((-24 - 2) + -2 - -17) + 0 + 42?
31
Evaluate 104 + -23 + -14 + -26.
41
Evaluate (11 - (34 + -28)) + -29 - 34.
-58
Calculate (6 + 20 + 94 - 20) + 1 + -1 + 1.
101
What is -119 + 1 + 42 + -22 + 1 + -7?
-104
What is the value of 8 + (2 + 10 + -12 - 12) - -104?
100
What is -60 - (8 - (-26 + -8) - 21)?
-81
40 + 141 + -71 + (0 - 28)
82
Evaluate -58 + 16 + 45 - (6 - 24) - 61.
-40
What is -90 + 114 + (-71 - -22)?
-25
What is the value of (22693 - 22684) + -1 + -2 + 0?
6
Calculate -119 + (29 - 49) + 101.
-38
Evaluate (-14 - (-37 - -142 - 46)) + (4 - 8).
-77
Calculate 10 + 18 + (-18 - (-5 + -1)).
16
Calculate (-18 - -49) + 34 + -190.
-125
(-13 - (-10 + (-5 - (-13 + 9)))) + (1 - -37)
36
What is (-32 - (-41 + 68)) + 3 + -22 + 5?
-73
What is -68 + (16 - -79 - 44)?
-17
Evaluate -156 + 52 + 79 + -26.
-51
(-9 - -71) + -5 - (-4 + (4 + -10 - 2))
69
Evaluate (-168 - -23 - -136) + -45.
-54
What is the value of 102 + (-35 - 14) - 35?
18
Calculate (1 + 2 - -51) + -107 + 81 + 21.
49
45 + -42 + -21 + 79
61
What is the value of -2 - -5 - (4 + -11) - (2 + -9 - 10)?
27
Calculate 4 + (16 - -8 - (17 + 4 + -9)).
16
Evaluate 2 - -10 - 0 - (2 + -8 + (-10 - -22)).
6
What is 9 + -36 + 83 + -70?
-14
What is the value of (-15 - -5) + (97 - -3) + (-47 - -46)?
89
Evaluate 1 + 0 - 3 - ((14 + -14 - 1) + 20).
-21
What is the value of (-19 - -1) + 13 + -44 + 38 + 11?
0
What is the value of 41 + -40 + 27 + 80?
108
Evaluate (-945 - -917) + 3 + 159 + 4.
138
What is the value of -17 + 2 + (-1251 - -1259)?
-7
What is -1 - 23 - (18 + -26 + (41 - 18))?
-39
Evaluate 5 + 45 + -47 + 51.
54
-61 + (-91 - -210 - -18)
76
Calculate (-2 - 2) + -8 - (1 + -13 - -3).
-3
What is the value of -14 - (6 + -8 - ((-20 - -12) + 7 + -2))?
-15
What is 6 + -137 + (1 - 2) + (-226 - -233)?
-125
Calculate -11 + (95 - 64) - 35.
-15
Calculate -1 - 19 - (-173 + (-28 - -113) + -33).
101
What is 892 + -742 + -235 + 20?
-65
41 + 1 - (-669 + 701 + 2 + -34)
42
What is (-2 - (1 - 1) - 57) + 13 + 36 + -42?
-52
What is 1717 - 1726 - (-12 + -1 + 5 + 2 + -3)?
0
What is 51 + -14 + 14 + (0 - (22 - 7))?
36
What is (1 - -15) + (20 - (23 + 28)) + 26?
11
(-55 + -3 - -1) + (81 - -11 - 80)
-45
Calculate -32 - (-15 - (18 + -19 + (-5 - 4))).
-27
What is the value of (2 - (-16 - (-35 - -10))) + 42?
35
Evaluate 256 + -296 - (0 - -22).
-62
What is 2 - 94 - (96 + (13 - 123))?
-78
Evaluate 2 - -9 - (283 + -269) - (-30 - -2).
25
What is the value of 2467 - 2489 - (6 - -1)?
-29
What is the value of -178 + (-7 - 100 - -187)?
-98
119 - (27 - (26 + 1 + (-37 - -25)))
107
What is the value of (3 - 239 - -106) + 40?
-90
Evaluate 114 + -6 + -102 - (-1 - 16).
23
Evaluate (-11 - -13) + -3 - (2 + -9) - 30.
-24
(-93 - -64 - -97) + -25
43
What is (28 - 24) + 4 + (6 - 12) - -37?
39
Evaluate (22 - 40) + (72 - 24).
30
What is -4 - -53 - (20 + 46)?
-17
What is -104 + (81 - -55) + (-11 - (1 - 1))?
21
Evaluate 14 - (-11 - -19) - (20 - (12 + 1)) - 32.
-33
Calculate 0 + -11 + -1 + (1 + -7 - 10) + -15.
-43
Evaluate 12 + (-14 - (-22 + (4 - 9))) - -15 - -7.
47
Calculate 4 + -1 + 2 + -3 + (-23 - (32 - -28)).
-81
What is (0 - (-8 - (7 + -5))) + -15 + -17?
-22
Evaluate 20 - ((-50 - -47) + -1 + 113).
-89
Calculate 13 + (-187 - -210) + -1 + 14 + -12.
37
Evaluate 8 + ((140 - 134) + -25 + -1 - 13).
-25
Calculate -3 - (-21 - -84 - 33).
-33
What is the value of 2780 - 2912 - (1 + 3 + 9 + 2)?
-147
What is the value of (-17 + -15 + 23 - -32) + 10 + -16?
17
11 - (0 + -35 - (-516 - -496))
26
Calculate 3 + -8 + -1 - -48 - (-18 - (-27 - -4)).
37
What is the value of -2 + (-14 - -1) - (-401 + 414)?
-28
((-15 - -22) + -16 - -35 - -9) + 2 + -16
21
-31 + (2 + 33 - 5) + -30
-31
(-24 - (-1 - -2)) + 9914 + -9851
38
20 + -1 + 4 + -254 + 241 + -1 + -44
-35
Calculate 76 + -4 - (-10 + -16 + 15) - 0.
83
Calculate -40 - (-19 - 1 - (626 + -627)) - -19.
-2
What is the value of -6 - ((7 + -14 - -7) + 11 + -71)?
54
Calculate 1 + -3 - (6 - (22 - (19 + -55) - 6)).
44
What is the value of (-21 - (114 + -52)) + -23?
-106
Calculate 7 + -6 + -8 + -79 + 26 + 2.
-58
What is -58 + 2 + (235 - 133)?
46
-33 + (15 - 6) + (-12 + 8 - 4)
-32
Evaluate -30 - (-40 + 54 - 90).
46
Calculate (1 + -33 - 4 - (-10 - -6)) + (-18 - -10).
-40
16 + -6 - 54 - -24 - 31
-51
(-7 - (11 + -5 + 5 + -10)) + -46
-54
17 - (-19 + 20 + (6 + 1 - (-23 + 23)))
9
3 - -1 - (-27 - -22 - -15 - 66)
60
What is (11 + -5 - -5) + (-1 - -1) - 42?
-31
Evaluate 132 - (-5 - ((5 - 31) + 4)) - 17.
98
Calculate -13 - (-4 + 2 + 2) - (32369 - 32386).
4
(-15 + 31 - 14) + (-4 - 8) - -5
-5
-5 + 8 + -5 + 0 + 3 + 2078 + -2055
24
What is 27 + -1 + -183 + (-62 - -297)?
78
What is the value of -447 + 510 - (-13 - 6)?
82
What is (3 - 105) + (325 - 102)?
121
What is the value of -41 - (-27 - (2 - (-11 + 11)))?
-12
Evaluate -58 + (26 - -4) + 35 - -58.
65
What is -72 - ((-15 - -8 - -12) + (-9 - -5))?
-73
(-4 + 3 + -2 - (21 + -24)) + 37
37
What is the value of -8 - (21 - (25 - -34) - (-3 + -1))?
26
0 - (-11 - ((17 - 11) + (-33 - 8))) - -1
-23
What is the value of -12 - -73 - (30 + -1)?
32
Calculate (-7 - 2) + (-11 - -11 - 46) + 69.
14
What is the value of (-39 - (-13 + 1) - -10) + -8 + 48?
23
Calculate 2 + -109 + 33 + (-52 - -5 - -26).
-95
What is -14 + (118 - (-24 + -19)) + -29?
118
What is the value of -10 - (-1583 + 1574 + (47 - 1))?
-47
Evaluate (0 - 1) + 40 - (227 - 235 - -3).
44
Evaluate (-110 - -47) + 22 + 70.
29
Evaluate (-5 - (1 + -3 + 5 - -35)) + -139 + 132.
-50
What is (-8 - 30 - -24) + (68 - 16)?
38
1421 + -1438 - (18 - 0)
-35
Calculate 9 + (-26 - -5 - 14) + 5.
-21
Evaluate 4 - (-15 - -6) - 1 - -22.
34
5 + 26 - (952 + -925)
4
What is the value of (3 - -11) + (28 - 9 - 17 - (-11 + 63))?
-36
(0 - 1 - 9) + (-2 - -1) - (54 + -52)
-13
-1 - -45 - (-3 + (5 - 5 - -10) + -16)
53
What is the value of 1 + 28 - (-113 + (169 - -27))?
-54
What is the value of (-17 + 8 - 51 - -3) + -41 + 27 + 13?
-58
What is the value of -1 + (-9 - -10) + -21 + 52?
31
-396 + 392 - (-10 + -16 + -12)
34
(0 - 14) + (-12 - -15 - (9 + 5)) - -10
-15
What is the value of 68 + -56 + -98 + 102?
16
Calculate (-419 - -421) + (12 - 9) + (4 - 1).
8
What is the value of -5 - (-47 + 50 + (-24 - (3 - 9)))?
10
What is the value of (5 - (-12 + 30)) + 2 + 20 - -6?
15
What is (55 + -39 - -38) + -56?
-2
What is the value of (201 - 187 - 103) + -2 + 2 + -1?
-90
Calculate (27 - 3) + 17 + 6 + -26 - 10.
11
What is the value of -205 + 12 - -95 - -18?
-80
Calculate -21 + (-8 - (-19 - 7)) - -26.
23
What is the value of 0 - 53 - (-57 + -4) - (-62 - (1 + -3))?
68
Evaluate (81 - -6) + -49 + -52 + 128.
114
Calculate -25 + (-189 - -317) + (-36 - 0).
67